he prime factors of 201576.
2, 3, 37, 227
List the prime factors of 12284337.
3, 13, 314983
What are the prime factors of 13870677?
3, 4623559
List the prime factors of 14324559.
3, 683, 6991
List the prime factors of 429041.
409, 1049
List the prime factors of 76766.
2, 131, 293
What are the prime factors of 103107?
3, 34369
What are the prime factors of 1427162?
2, 11, 64871
List the prime factors of 99372.
2, 3, 7, 13
What are the prime factors of 181789?
181789
List the prime factors of 2605939.
7, 372277
What are the prime factors of 446335?
5, 17, 59, 89
What are the prime factors of 1328869?
53, 25073
What are the prime factors of 3282150?
2, 3, 5, 21881
What are the prime factors of 2132411?
2132411
List the prime factors of 440321.
7, 62903
What are the prime factors of 391998?
2, 3, 79, 827
What are the prime factors of 26396459?
67, 393977
List the prime factors of 406597.
41, 47, 211
List the prime factors of 385184.
2, 12037
List the prime factors of 364909.
364909
What are the prime factors of 16936160?
2, 5, 151, 701
What are the prime factors of 97380?
2, 3, 5, 541
What are the prime factors of 759065?
5, 151813
List the prime factors of 390001.
390001
List the prime factors of 472443.
3, 23, 41, 167
List the prime factors of 2513727.
3, 157, 593
What are the prime factors of 2686369?
7, 383767
What are the prime factors of 1101434?
2, 550717
List the prime factors of 32029930.
2, 5, 3202993
List the prime factors of 181892.
2, 37, 1229
What are the prime factors of 1511027?
7, 73, 2957
What are the prime factors of 885309?
3, 17, 17359
List the prime factors of 296119.
29, 10211
List the prime factors of 163508.
2, 41, 997
What are the prime factors of 1956822?
2, 3, 7, 46591
List the prime factors of 279604.
2, 13, 19, 283
List the prime factors of 5015051.
17, 157, 1879
List the prime factors of 1009333.
13, 77641
List the prime factors of 299930.
2, 5, 89, 337
List the prime factors of 211241.
211241
What are the prime factors of 178951?
178951
List the prime factors of 335346.
2, 3, 11, 5081
What are the prime factors of 460451?
460451
What are the prime factors of 16329120?
2, 3, 5, 34019
What are the prime factors of 275857?
311, 887
List the prime factors of 16746616.
2, 2093327
What are the prime factors of 3474331?
7, 496333
List the prime factors of 7755109.
41, 189149
What are the prime factors of 326353?
326353
List the prime factors of 8723523.
3, 317, 9173
What are the prime factors of 6587057?
6587057
What are the prime factors of 3375618?
2, 3, 23, 61, 401
List the prime factors of 4498214.
2, 7, 321301
What are the prime factors of 7940268?
2, 3, 7, 389
List the prime factors of 1938695.
5, 11, 101, 349
List the prime factors of 1568753.
991, 1583
What are the prime factors of 10403784?
2, 3, 144497
List the prime factors of 14181205.
5, 2836241
List the prime factors of 10578631.
7, 1511233
List the prime factors of 66191.
66191
What are the prime factors of 2517362?
2, 1258681
List the prime factors of 4044338.
2, 89, 22721
What are the prime factors of 8531716?
2, 43, 49603
List the prime factors of 1565601.
3, 101, 5167
List the prime factors of 6774695.
5, 1354939
List the prime factors of 3362836.
2, 840709
List the prime factors of 125994.
2, 3, 11, 23, 83
What are the prime factors of 1681032?
2, 3, 89, 787
List the prime factors of 5088479.
11, 462589
List the prime factors of 3119567.
11, 41, 6917
What are the prime factors of 729605?
5, 337, 433
List the prime factors of 2305886.
2, 11, 281, 373
List the prime factors of 324095.
5, 53, 1223
What are the prime factors of 210071?
210071
List the prime factors of 23666484.
2, 3, 1972207
List the prime factors of 499977.
3, 73, 761
What are the prime factors of 19513309?
19513309
List the prime factors of 7066980.
2, 3, 5, 23, 569
What are the prime factors of 1010467?
1010467
What are the prime factors of 2083496?
2, 137, 1901
What are the prime factors of 145045?
5, 29009
What are the prime factors of 9784622?
2, 17, 287783
What are the prime factors of 334929?
3, 7, 41, 389
List the prime factors of 14335822.
2, 7167911
List the prime factors of 119688.
2, 3, 4987
What are the prime factors of 13192721?
101, 130621
What are the prime factors of 1464282?
2, 3, 81349
List the prime factors of 1052623.
11, 13, 17, 433
What are the prime factors of 366301?
13, 19, 1483
List the prime factors of 349404.
2, 3, 11, 2647
List the prime factors of 174186.
2, 3, 9677
List the prime factors of 498752.
2, 7793
List the prime factors of 120765.
3, 5, 83, 97
What are the prime factors of 2147729?
17, 126337
What are the prime factors of 13210029?
3, 7, 449, 467
List the prime factors of 143088.
2, 3, 11, 271
List the prime factors of 249074.
2, 7, 17791
What are the prime factors of 23996944?
2, 661, 2269
List the prime factors of 13881519.
3, 541, 2851
What are the prime factors of 533334?
2, 3, 103, 863
List the prime factors of 1671876.
2, 3, 46441
List the prime factors of 1831624.
2, 228953
List the prime factors of 303325.
5, 11, 1103
What are the prime factors of 3777345?
3, 5, 11, 13, 587
What are the prime factors of 2871708?
2, 3, 7, 17, 2011
List the prime factors of 2435744.
2, 103, 739
List the prime factors of 7401911.
11, 672901
List the prime factors of 41793.
3, 13931
List the prime factors of 2536349.
17, 149197
What are the prime factors of 18001157?
23, 782659
List the prime factors of 2291057.
479, 4783
What are the prime factors of 11742980?
2, 5, 587149
List the prime factors of 4376344.
2, 7, 17, 4597
What are the prime factors of 96220?
2, 5, 17, 283
List the prime factors of 281863.
89, 3167
List the prime factors of 876280.
2, 5, 19, 1153
List the prime factors of 32749.
32749
What are the prime factors of 17143725?
3, 5, 179, 1277
What are the prime factors of 51088?
2, 31, 103
List the prime factors of 6456450.
2, 3, 5, 7, 11, 13, 43
What are the prime factors of 231581?
7, 33083
What are the prime factors of 5184378?
2, 3, 19, 31, 163
What are the prime factors of 647756?
2, 67, 2417
List the prime factors of 2303566.
2, 293, 3931
List the prime factors of 1728958.
2, 7, 11, 103, 109
What are the prime factors of 5024066?
2, 2512033
What are the prime factors of 7057944?
2, 3, 61, 1607
What are the prime factors of 775981?
61, 12721
List the prime factors of 450059.
347, 1297
List the prime factors of 2021744.
2, 126359
List the prime factors of 1976554.
2, 281, 3517
List the prime factors of 872985.
3, 5, 58199
List the prime factors of 3756553.
293, 12821
What are the prime factors of 247126?
2, 11, 47, 239
What are the prime factors of 13333508?
2, 17, 196081
What are the prime factors of 31201?
41, 761
What are the prime factors of 3110718?
2, 3, 13, 19, 2099
What are the prime factors of 23084311?
227, 101693
What are the prime factors of 2094505?
5, 7, 83, 103
List the prime factors of 828177.
3, 7, 113, 349
List the prime factors of 482197.
383, 1259
List the prime factors of 421810.
2, 5, 42181
List the prime factors of 135274.
2, 239, 283
What are the prime factors of 637596?
2, 3, 89, 199
What are the prime factors of 110255?
5, 22051
List the prime factors of 2493289.
2493289
List the prime factors of 133206.
2, 3, 149
List the prime factors of 35606.
2, 19, 937
What are the prime factors of 1640328?
2, 3, 41, 1667
List the prime factors of 22566141.
3, 13, 239, 269
What are the prime factors of 1608867?
3, 13, 13751
What are the prime factors of 440403?
3, 146801
What are the prime factors of 2773695?
3, 5, 184913
List the prime factors of 2118527.
2118527
What are the prime factors of 454090?
2, 5, 7, 13, 499
What are the prime factors of 1533762?
2, 3, 28403
What are the prime factors of 744534?
2, 3, 7, 19, 311
What are the prime factors of 274727?
43, 6389
What are the prime factors of 8051?
83, 97
List the prime factors of 258847.
258847
What are the prime factors of 6235977?
3, 11, 41, 419
What are the prime factors of 421856?
2, 13183
What are the prime factors of 1452816?
2, 3, 19, 59
List the prime factors of 741397.
263, 2819
What are the prime factors of 29915388?
2, 3, 37, 607
What are the prime factors of 593254?
2, 296627
List the prime factors of 21272616.
2, 3, 43, 6871
List the prime factors of 132103